{"id":12,"date":"2017-04-05T10:18:04","date_gmt":"2017-04-05T10:18:04","guid":{"rendered":"http:\/\/www.esg.pt\/ciesg\/?page_id=12"},"modified":"2018-02-07T12:15:42","modified_gmt":"2018-02-07T12:15:42","slug":"arquitetura-e-patrimonio","status":"publish","type":"page","link":"https:\/\/www.esg.pt\/ciesg\/arquitetura-e-patrimonio\/","title":{"rendered":"Arquitetura e Patrim\u00f3nio"},"content":{"rendered":"<p>IR: Gilberto Duarte Carlos<div class=\"row\"><div class=\"col-md-6\">\n<p>A considera\u00e7\u00e3o cr\u00edtica das heran\u00e7as arquitet\u00f3nicas, culturalmente consolidadas e de maior consci\u00eancia ecol\u00f3gica, constitui um dos focos de abordagem fundamental nos estudos desenvolvidos pela esGallaecia.<\/p>\n<p>Esta linha de Investiga\u00e7\u00e3o enquadra as \u00e1reas de estudo de maior express\u00e3o que se encontram relacionados com o Plano de Estudos do Mestrado Integrado em Arquitetura e Urbanismo. Ainda que possam apresentar autonomia disciplinar entre si, no caso espec\u00edfico do Ci-ESG, estas \u00e1reas surgem estrategicamente relacionadas, fomentando sinergias comuns. A abordagem elegida permite um alinhamento ideol\u00f3gico com o esp\u00edrito da Institui\u00e7\u00e3o e com o seu compromisso cultural, com extens\u00f5es relevantes \u00e0 orienta\u00e7\u00e3o pedag\u00f3gica implementada.<\/p>\n<h3>Campos de Estudo \/ Fields of Study<\/h3>\n<ul>\n<li>Arquitectura de Terra<\/li>\n<li>Arquitectura Sustent\u00e1vel<\/li>\n<li>Patrim\u00f3nio Vern\u00e1culo<\/li>\n<li>Patrim\u00f3nio Militar<\/li>\n<\/ul>\n<\/div><div class=\"col-md-6\">\n<h3>Projetos<\/h3>\n<ul>\n<li><a href=\"https:\/\/www.esg.pt\/3dpast\/\">3D Past, Living &amp; virtual visiting European World Heritage<\/a><\/li>\n<li><a href=\"https:\/\/www.esg.pt\/ciesg\/seismic-v\/\">Seismic V &#8211; Cultura Sismo-Resistente Vern\u00e1cula em Portugal<\/a><\/li>\n<li><a href=\"https:\/\/www.esg.pt\/ciesg\/versus\/\">VerSus: Lessons from Vernacular Heritage in Sustainable Architecture<\/a><\/li>\n<li><a href=\"https:\/\/www.esg.pt\/ciesg\/terra-incognita-ii\/\">Terra (In)c\u00f3gnita II<\/a><\/li>\n<li><a href=\"https:\/\/www.esg.pt\/ciesg\/projeto-cadivafor\/\">Cadivafor<\/a><\/li>\n<li><a href=\"https:\/\/www.esg.pt\/ciesg\/catpap\/\">CATPAP<\/a><\/li>\n<li><a href=\"https:\/\/www.esg.pt\/ciesg\/projeto-terra-incognita\/\">Terra Inc\u00f3gnita\u00a0<\/a><\/li>\n<li><a href=\"https:\/\/www.esg.pt\/ciesg\/hc-built-with-earth\/\">H&amp;C Built with Earth<\/a><\/li>\n<li><a href=\"https:\/\/www.esg.pt\/ciav2013\/\">CIAV 2013<\/a><\/li>\n<\/ul>\n<\/div><\/div>\n<div class=\"row\">\n<div class=\"col-md-6\">\n<a href=\"https:\/\/www.esg.pt\/ciesg\/eventos\/\">Eventos<\/a><br \/>\n<\/div><div class=\"col-md-6\">\n<\/div>\n<\/div>\n<p><!-- [row]\n[column sm=\"12\"]\n\n\n<h2>Artigos, Cap\u00edtulos e Comunica\u00e7\u00f5es Cient\u00edficas<\/h2>\n\n\n<strong>Correia, M.<\/strong> &amp; Walliman, N. (2012). The Significance of Conservation Theory for earthen Built Heritage Survival. In International Journal of Heritage Studies. London (UK): Routledge (in press).\n\n<strong>Correia, M<\/strong>. &amp; Walliman, N. (2012). Defining criteria for intervention in earthen built heritage conservation. In International Journal of Architectural Heritage. London (UK): Taylor &amp; Francis (in press).\n\n<strong>Correia, M<\/strong>., Morot-Sir, P., Chabenat, M., Vegas, F., Mileto, C., Mecca, S. &amp; Gu\u00e9rin, G. (2012). Terra Incognita - Earthen Architecture in Europe: A European Project for Earthen Architecture awareness and the creation of a European Network. In XIth International Conference on the Study and Conservation of Earthen Architectural Heritage, Terra 2012. Pontifical Catholic University of Peru (PUCP). Lima, Peru. 22nd \u2013 27th April, 2012. (In press)\n\nGuillaud, H., Achenza, M., Avrami, E.<strong>, Correia, M.<\/strong>, Guerrero Baca, L., &amp; Houben, H. (2012). TERRAEDUCATION 2010: International Seminar: Education For Earthen Architecture. In XIth International Conference on the Study and Conservation of Earthen Architectural Heritage, Terra 2012. Pontifical Catholic University of Peru (PUCP). Lima, Peru. 22nd \u2013 27th April, 2012. (In press)\n\n<strong>Pereira da Silva, N. <\/strong>&amp;<strong> Correia, M<\/strong>. (2012). Reestructuraci\u00f3n del Grado de Arquitectura en el \u00c1mbito de la Adecuaci\u00f3n a Bolonia. In Composici\u00f3n Innova - Innovaci\u00f3n Y Mejora Educativa en el \u00c1rea de Composici\u00f3n Arquitect\u00f3nica (Innovative composition - Innovation and educational improvement in the area of Architecture). Universidad Polit\u00e9cnica de Valencia, Spain. 13th May 2011. (In press)\n\n<strong>Correia, M.<\/strong>, &amp; Neves, C. (2011). Knowledge Transfer and Networking on Earth Architecture. In Terra 2008 Proceedings: 10th International Conference on the Study and Conservation of Earthen Architecture 1-5 February 2008, Bamako, Mali. Los Angeles: Getty Conservation Institute, pp.372-377.\n\nKanan, I.,<strong> Correia, M.<\/strong>, &amp; Hurd, J. (2011). The Conservation of Earth Architectural Landscapes \u2013 A Preliminary Reflection and Review of Concepts. In Terra 2008 Proceedings: 10th International Conference on the Study and Conservation of Earthen Architecture 1-5 February 2008, Bamako, Mali. Los Angeles: Getty Conservation Institute, pp.74-79.\n\n<strong>Correia, M<\/strong>. (2010). Uma Reflex\u00e3o Sobre o Conceito de Sustentabilidade e de Desenvolvimento Sustent\u00e1vel, no Contexto da Arquitectura de Terra. In 10\u00baSIACOT, 10\u00ba Seminario Iberoamericano de Arquitectura e Construci\u00f3n com Tierra. 8-14 Novembro 2010, Salto, Uruguai. Montevideo: Universidad de la Republica, pp.175-179\n\n<strong>Correia, M., Carlos, G., Merten, J.,<\/strong> &amp;<strong> Correia, R<\/strong>. (2010). Research and Education at Escola Superior Gallaecia. In Guillaud, H. (2010). TerraEducation 2010. Grenoble, France: CRAterre \u2013 Ecole Nationale Sup\u00e9rieure d\u2019Architecture de Grenoble, pp.167-175\n\n<strong>Correia, M.<\/strong> (2010). A Synopsis Review of Earthen Archaeological Heritage. In Fernandes, M., Correia, M. &amp; Lopes, M. (Eds.) (2010). Terra em Semin\u00e1rio 2010: 6\u00ba Semin\u00e1rio Arquitectura de Terra em Portugal e 9\u00ba Semin\u00e1rio IberoAmericano de Arquitectura e Constru\u00e7\u00e3o com Terra. Lisbon, Portugal: Argumentum, pp.29-33.\n\n<strong>Carlos, G.<\/strong> &amp;<strong> Correia, M.<\/strong> (2009). Military Topographies: earth fortresses between borders. In MEDITERRA 2009: 1st Mediterranean Conference on Earthen Architecture. Monfalcone, Gorizia, Italy: Edicom Edizioni, pp.425-436.\n\nPenido de Rezende, M.A., Rodrigues Fo., R., Teobaldo, I., Hoffmann, M.V., &amp; <strong>Correia, M. <\/strong>(2008). Taipa de Pil\u00e3o Hist\u00f3rica: Roteiro para Reconstitui\u00e7\u00e3o. In ENTAC 2008 - Encontro Nacional de Tecnologia do Ambiente Constru\u00eddo (Digital Media: ISSN\/ISBN: 9788589478274). Fortaleza, Brasil: ANTAC \u2013 Associa\u00e7\u00e3o Nacional de Tecnologia do Ambiente Constru\u00eddo.\n\nMartins, A.M., &amp;<strong> Correia, M.<\/strong> (2007). Arquitectura Militar em Terra no Norte de Portugal. In C. Neves, H. Varum, M. Fernandes, &amp; M. Correia (Eds.), Terra em Semin\u00e1rio 2007: V Semin\u00e1rio Arquitectura de Terra em Portugal. Lisbon, Portugal: Argumentum, pp.36-39.\n\n<strong>Correia, M.<\/strong> (2007). Investiga\u00e7\u00e3o e Difus\u00e3o Cient\u00edfica de Arquitectura de Terra na ESG\/Escola Superior Gallaecia. In C. Neves, H. Varum, M. Fernandes, &amp; M. Correia (Eds.), Terra em Semin\u00e1rio 2007: V Semin\u00e1rio Arquitectura de Terra em Portugal. Lisbon, Portugal: Argumentum, pp.273-276.\n\n<strong>Correia, M. <\/strong>(2007). Teoria de la Conservaci\u00f3n y su Aplicaci\u00f3n al Patrimonio en Tierra [Conservation Theory and its Application to Earthen Heritage]. In APUNTES Vol. 20 N\u00ba- 2, July \u2013December (ISBN 1657-9763). Bogota (Colombia): Pontificia Universidad Javeriana, pp.202-219.\n\n<strong>Correia, M.<\/strong> (2006). A Universalidade e Diversidade da Arquitectura de Terra. In M. Correia, &amp; V. Oliveira Jorge (Eds.), TERRA: Forma de Construir. Arquitectura \u2013 Antropologia \u2013 Arqueologia, 10\u00aa Mesa Redonda de Primavera. FLUP \u2013 Universidade do Porto. Lisbon, Portugal: Argumentum and Escola Superior Gallaecia, pp.12-19.\n\n<strong>Correia, M.<\/strong>, &amp; Fernandes, M. (2006). The Conservation of Earth Architecture: The Contribution of Brandi\u2019s Theory. In Theory and Practice in Conservation \u2013 a Tribute to Cesare Brandi. Lisbon, Portugal: LNEC, pp.233-241.\n\nJorge, F., <strong>Correia, M<\/strong>., &amp; Fernandes, M. (2005). Chan-Chan. In M. Correia, M. Fernandes, &amp; F. Jorge (Eds.), Terra em Semin\u00e1rio: Actas do IV Semin\u00e1rio Ibero-Americano de Constru\u00e7\u00e3o com Terra e III Semin\u00e1rio de Arquitectura de Terra em Portugal. Lisbon, Portugal: Argumentum and Escola Superior Gallaecia, pp.133-137.\n\n<strong>Correia, M.<\/strong> (2005). A Habita\u00e7\u00e3o Vern\u00e1cula no Alto Minho, Portugal. In Piedras com Ra\u00edces \u2013 La revista de nuestra arquitectura vern\u00e1cula. N\u00ba-10\/Verano 2005. C\u00e1ceres (Spain): Asociaci\u00f3n por la Arquitectura Rural de Extremadura.\n\n<strong>Correia, M.<\/strong> (2004). Earthen Construction Techniques in the Portuguese Heritage. In 9th international conference on the Study and Conservation of Earthen Architecture: Terra 2003. Tehran, Iran: Deputy of Presentation and Iranian Cultural Heritage Organization. (in press).\n\n<strong>Correia, M.<\/strong> (2004). Estrat\u00e9gias na Conserva\u00e7\u00e3o do Patrim\u00f3nio em Terra. In Actas do III SIACOT, Semin\u00e1rio Ibero-Americano de Constru\u00e7\u00e3o com Terra. Tucum\u00e1n, Argentina: Universidad de Tucum\u00e1n, pp.333-342.\n\n<strong>Correia, M.<\/strong> (2002). Sustainable Economy in Homesteads in the North of Portugal. In B. Juvanec (Ed.), 12th International Conference on Vernacular Architecture. Ljubljana, Slovenia: ALPS ADRIA and University of Ljubljani, Faculty of Architecture, pp.66-67.\n\n<strong>Correia, M.<\/strong> (2002). A Habita\u00e7\u00e3o Vern\u00e1cula Rural no Alentejo, Portugal. In Mem\u00f3rias del IV Semin\u00e1rio Iberoamericano sobre Vivienda Rural y Calidad de Vida en los Asentamientos Rurales (Cap.4 - Vivenda Rural, Etnia, Cultuta y G\u00e9nero). Chile: CYTED-Habyted y Universidad del Chile.\n\n<strong>Correia, M.<\/strong>, &amp;<strong> Merten, J<\/strong>. (2000). Restoration of the Casas dos Romeiros Using Traditional Materials and Methods. In Terra 2000: 8th International Conference on the Study and Conservation of Earthen Architecture. London, U.K.: James &amp; James, pp.226-230.\n\n\n<h2>Apresenta\u00e7\u00f5es de Comunica\u00e7\u00e3o:<\/h2>\n\n\n<strong>CORREIA<\/strong>, Mariana;<em> \u201cEarthen Architecture: Scientific Missions in Europe<\/em>\u201d; Universit\u00e0 degli Studi di Cagliari: Sardenha, It\u00e1lia, Dezembro de 2011\n\n<strong>CORREIA<\/strong>, Mariana;<em> \u201cQanats: Patrim\u00f3nio Iraniano Milenar<\/em>\u201d; Semin\u00e1rio Patrim\u00f3nio Perif\u00e9rico - Cultura e Territ\u00f3rio\u201d; C\u00e2mara Municipal de Vila Nova de Famalic\u00e3o: Vila Nova de Famalic\u00e3o, Novembro de 2011\n\n<strong>CORREIA<\/strong>, Mariana;<em> \u201cEarthen Architecture Missions in the North of Europe<\/em>\u201d; Simp\u00f3sio Europeu \u201cBuilding with earth From Cultural Heritage to Contemporary Architecture - Professionals, Know-how and Techniques in Europe; ICOMOS-FRANCE e Ecole D'Avignon: Marselha, Fran\u00e7a, Maio de 2011\n\n<strong>CORREIA<\/strong>, Mariana;<em>\u201cArquitectura de Tierra y Desarrollo Sustenible<\/em><strong>\u201d<\/strong>; XI SIACOT \u2013 Semin\u00e1rio Ibero-Americano de Arquitectura e Constru\u00e7\u00e3o com Terra e 4\u00ba SIIDS - Semin\u00e1rio Internacional de Investiga\u00e7\u00e3o em Design Sustent\u00e1vel; rede PROTERRA + Universidade Aut\u00f3noma de Tamaulipas, Faculdade de Arquitectura, Dise\u00f1o y Urbanismo: Tampico, M\u00e9xico, Setembro de 2011\n\n<strong>CORREIA<\/strong>, Mariana;<em> \u201cInvestiga\u00e7\u00e3o e Desenvolvimento Tecnol\u00f3gico no Ensino Superior<\/em>\u201d; Confer\u00eancia de Ensino Superior; APESP \u2013 Associa\u00e7\u00e3o Portuguesa do Ensino Superior e Polit\u00e9cnico: Loul\u00e9, Algarve, Portugal, Mar\u00e7o de 2011\n\n[\/row] --><\/p>\n","protected":false},"excerpt":{"rendered":"<p>IR: Gilberto Duarte Carlos<\/p>\n","protected":false},"author":1,"featured_media":0,"parent":0,"menu_order":0,"comment_status":"closed","ping_status":"closed","template":"","meta":[],"_links":{"self":[{"href":"https:\/\/www.esg.pt\/ciesg\/wp-json\/wp\/v2\/pages\/12"}],"collection":[{"href":"https:\/\/www.esg.pt\/ciesg\/wp-json\/wp\/v2\/pages"}],"about":[{"href":"https:\/\/www.esg.pt\/ciesg\/wp-json\/wp\/v2\/types\/page"}],"author":[{"embeddable":true,"href":"https:\/\/www.esg.pt\/ciesg\/wp-json\/wp\/v2\/users\/1"}],"replies":[{"embeddable":true,"href":"https:\/\/www.esg.pt\/ciesg\/wp-json\/wp\/v2\/comments?post=12"}],"version-history":[{"count":28,"href":"https:\/\/www.esg.pt\/ciesg\/wp-json\/wp\/v2\/pages\/12\/revisions"}],"predecessor-version":[{"id":178,"href":"https:\/\/www.esg.pt\/ciesg\/wp-json\/wp\/v2\/pages\/12\/revisions\/178"}],"wp:attachment":[{"href":"https:\/\/www.esg.pt\/ciesg\/wp-json\/wp\/v2\/media?parent=12"}],"curies":[{"name":"wp","href":"https:\/\/api.w.org\/{rel}","templated":true}]}}